{"id":211,"date":"2020-06-04T09:24:31","date_gmt":"2020-06-04T09:24:31","guid":{"rendered":"http:\/\/grundschule-bilshausen.de\/?page_id=211"},"modified":"2020-06-04T09:28:17","modified_gmt":"2020-06-04T09:28:17","slug":"wichtige-informationen-fuer-eltern","status":"publish","type":"page","link":"http:\/\/grundschule-bilshausen.de\/?page_id=211","title":{"rendered":"Wichtige Informationen f\u00fcr Eltern"},"content":{"rendered":"\n<p>Auf dieser Seite finden Sie wichtige Erlasse, Vorschriften und Regelungen in unserer Schule<\/p>\n\n\n\n<p><a href=\"http:\/\/grundschule-bilshausen.de\/wp-content\/uploads\/2020\/06\/Waffenerlass.pdf\">Verbot des Mitbringens von Waffen usw. in Schulen<\/a><\/p>\n\n\n\n<p><a href=\"http:\/\/grundschule-bilshausen.de\/wp-content\/uploads\/2020\/06\/Hinweise-zur-Unfallversicherung-der-Sch\u00fcler.pdf\">Hinweise zur Unfallversicherung f\u00fcr Sch\u00fcler<\/a><\/p>\n\n\n\n<p><a href=\"http:\/\/grundschule-bilshausen.de\/wp-content\/uploads\/2020\/06\/Belehrung-\u00fcber-das-Infektionsschutzgesetz.pdf\">Belehrung \u00fcber das Infektionsschutzgesetz<\/a><\/p>\n\n\n\n<p><a href=\"http:\/\/grundschule-bilshausen.de\/wp-content\/uploads\/2020\/06\/Krankmeldung-Beurlaubung.pdf\">Krankmeldungs-und Beurlaubungsregelung<\/a><\/p>\n\n\n\n<p><\/p>\n","protected":false},"excerpt":{"rendered":"<p>Auf dieser Seite finden Sie wichtige Erlasse, Vorschriften und Regelungen in unserer Schule Verbot des Mitbringens von Waffen usw. in Schulen Hinweise zur Unfallversicherung f\u00fcr Sch\u00fcler Belehrung \u00fcber das Infektionsschutzgesetz Krankmeldungs-und Beurlaubungsregelung<\/p>\n","protected":false},"author":1,"featured_media":0,"parent":0,"menu_order":0,"comment_status":"closed","ping_status":"closed","template":"","meta":{"footnotes":""},"class_list":["post-211","page","type-page","status-publish","hentry"],"_links":{"self":[{"href":"http:\/\/grundschule-bilshausen.de\/index.php?rest_route=\/wp\/v2\/pages\/211","targetHints":{"allow":["GET"]}}],"collection":[{"href":"http:\/\/grundschule-bilshausen.de\/index.php?rest_route=\/wp\/v2\/pages"}],"about":[{"href":"http:\/\/grundschule-bilshausen.de\/index.php?rest_route=\/wp\/v2\/types\/page"}],"author":[{"embeddable":true,"href":"http:\/\/grundschule-bilshausen.de\/index.php?rest_route=\/wp\/v2\/users\/1"}],"replies":[{"embeddable":true,"href":"http:\/\/grundschule-bilshausen.de\/index.php?rest_route=%2Fwp%2Fv2%2Fcomments&post=211"}],"version-history":[{"count":2,"href":"http:\/\/grundschule-bilshausen.de\/index.php?rest_route=\/wp\/v2\/pages\/211\/revisions"}],"predecessor-version":[{"id":218,"href":"http:\/\/grundschule-bilshausen.de\/index.php?rest_route=\/wp\/v2\/pages\/211\/revisions\/218"}],"wp:attachment":[{"href":"http:\/\/grundschule-bilshausen.de\/index.php?rest_route=%2Fwp%2Fv2%2Fmedia&parent=211"}],"curies":[{"name":"wp","href":"https:\/\/api.w.org\/{rel}","templated":true}]}}